{"id":154,"date":"2021-09-30T16:04:30","date_gmt":"2021-09-30T16:04:30","guid":{"rendered":"http:\/\/baerundlilie.info\/?page_id=154"},"modified":"2022-03-10T11:43:59","modified_gmt":"2022-03-10T11:43:59","slug":"gemaelde-2","status":"publish","type":"page","link":"http:\/\/baerundlilie.info\/?page_id=154","title":{"rendered":"Gem\u00e4lde"},"content":{"rendered":"\n<figure class=\"wp-block-image size-large\"><img loading=\"lazy\" decoding=\"async\" width=\"1000\" height=\"726\" src=\"http:\/\/baerundlilie.info\/wp-content\/uploads\/KM-0192a_M.Leismueller-Jakob-Hellmann-Grainau-Unterer-Dorfplatz-mit-Bauernhaus-Kruscht-l.u.-sign.-1943_Aq-Papier-31x43-Privat-1-1000x726.jpg\" alt=\"\" class=\"wp-image-2340\" srcset=\"http:\/\/baerundlilie.info\/wp-content\/uploads\/KM-0192a_M.Leismueller-Jakob-Hellmann-Grainau-Unterer-Dorfplatz-mit-Bauernhaus-Kruscht-l.u.-sign.-1943_Aq-Papier-31x43-Privat-1-1000x726.jpg 1000w, http:\/\/baerundlilie.info\/wp-content\/uploads\/KM-0192a_M.Leismueller-Jakob-Hellmann-Grainau-Unterer-Dorfplatz-mit-Bauernhaus-Kruscht-l.u.-sign.-1943_Aq-Papier-31x43-Privat-1-300x218.jpg 300w, http:\/\/baerundlilie.info\/wp-content\/uploads\/KM-0192a_M.Leismueller-Jakob-Hellmann-Grainau-Unterer-Dorfplatz-mit-Bauernhaus-Kruscht-l.u.-sign.-1943_Aq-Papier-31x43-Privat-1-150x109.jpg 150w, http:\/\/baerundlilie.info\/wp-content\/uploads\/KM-0192a_M.Leismueller-Jakob-Hellmann-Grainau-Unterer-Dorfplatz-mit-Bauernhaus-Kruscht-l.u.-sign.-1943_Aq-Papier-31x43-Privat-1-768x557.jpg 768w, http:\/\/baerundlilie.info\/wp-content\/uploads\/KM-0192a_M.Leismueller-Jakob-Hellmann-Grainau-Unterer-Dorfplatz-mit-Bauernhaus-Kruscht-l.u.-sign.-1943_Aq-Papier-31x43-Privat-1-1536x1115.jpg 1536w, http:\/\/baerundlilie.info\/wp-content\/uploads\/KM-0192a_M.Leismueller-Jakob-Hellmann-Grainau-Unterer-Dorfplatz-mit-Bauernhaus-Kruscht-l.u.-sign.-1943_Aq-Papier-31x43-Privat-1.jpg 1930w\" sizes=\"auto, (max-width: 1000px) 100vw, 1000px\" \/><figcaption>Jakob Hellmann (1877-1953), Garmisch-Part.:  &#8222;Untergrainau, Dorfplatz mit Bauernhaus (Kruscht), Josefikapelle u. Zugspitze&#8220; (Personenstaffage), Aquarell \/ Mischtechnik mit DW auf Papier, 31 x 43 cm, u. li. signiert u. datiert &#8222;Jak. Hellmann \/ 1943&#8220;, Blatt direkt auf R\u00fcckwand montiert, kein PP, Normalglas, Silberrahmen, 52 x 63,5 cm, R\u00fcckseite mit Stempel von Glaserei.<\/figcaption><\/figure>\n\n\n\n<figure class=\"wp-block-image size-large\"><img loading=\"lazy\" decoding=\"async\" width=\"1000\" height=\"716\" src=\"http:\/\/baerundlilie.info\/wp-content\/uploads\/Scan_Kuen-AK_W.Oll_01a_Carl-Ludwig-Loreck_Grainau_Neuneralmweg_1945_Sign.-1000x716.jpg\" alt=\"\" class=\"wp-image-2334\" srcset=\"http:\/\/baerundlilie.info\/wp-content\/uploads\/Scan_Kuen-AK_W.Oll_01a_Carl-Ludwig-Loreck_Grainau_Neuneralmweg_1945_Sign.-1000x716.jpg 1000w, http:\/\/baerundlilie.info\/wp-content\/uploads\/Scan_Kuen-AK_W.Oll_01a_Carl-Ludwig-Loreck_Grainau_Neuneralmweg_1945_Sign.-300x215.jpg 300w, http:\/\/baerundlilie.info\/wp-content\/uploads\/Scan_Kuen-AK_W.Oll_01a_Carl-Ludwig-Loreck_Grainau_Neuneralmweg_1945_Sign.-150x107.jpg 150w, http:\/\/baerundlilie.info\/wp-content\/uploads\/Scan_Kuen-AK_W.Oll_01a_Carl-Ludwig-Loreck_Grainau_Neuneralmweg_1945_Sign.-768x550.jpg 768w, http:\/\/baerundlilie.info\/wp-content\/uploads\/Scan_Kuen-AK_W.Oll_01a_Carl-Ludwig-Loreck_Grainau_Neuneralmweg_1945_Sign.-1536x1100.jpg 1536w, http:\/\/baerundlilie.info\/wp-content\/uploads\/Scan_Kuen-AK_W.Oll_01a_Carl-Ludwig-Loreck_Grainau_Neuneralmweg_1945_Sign.-2048x1467.jpg 2048w\" sizes=\"auto, (max-width: 1000px) 100vw, 1000px\" \/><figcaption>Carl Ludwig Loreck, Grainau:  K\u00fcnstler-AK  &#8222;Grainau, Neuneralmweg (L\u00e4ndliches Idyll)&#8220;, 10,8 x 15,1 cm, u. li. signiert u. datiert &#8222;C.L. LORECK (19)45&#8220;<\/figcaption><\/figure>\n\n\n\n<figure class=\"wp-block-image size-large\"><img loading=\"lazy\" decoding=\"async\" width=\"788\" height=\"900\" src=\"http:\/\/baerundlilie.info\/wp-content\/uploads\/PK_GM-1030a_K.Munz-Friedrich-Jacob-Grainau-Hammersbachz-Bergwiese-geg.-Waxensteine-r.u.-sign._Oel-Hartfaser-34x265-Privat-788x900.jpg\" alt=\"\" class=\"wp-image-2325\" srcset=\"http:\/\/baerundlilie.info\/wp-content\/uploads\/PK_GM-1030a_K.Munz-Friedrich-Jacob-Grainau-Hammersbachz-Bergwiese-geg.-Waxensteine-r.u.-sign._Oel-Hartfaser-34x265-Privat-788x900.jpg 788w, http:\/\/baerundlilie.info\/wp-content\/uploads\/PK_GM-1030a_K.Munz-Friedrich-Jacob-Grainau-Hammersbachz-Bergwiese-geg.-Waxensteine-r.u.-sign._Oel-Hartfaser-34x265-Privat-263x300.jpg 263w, http:\/\/baerundlilie.info\/wp-content\/uploads\/PK_GM-1030a_K.Munz-Friedrich-Jacob-Grainau-Hammersbachz-Bergwiese-geg.-Waxensteine-r.u.-sign._Oel-Hartfaser-34x265-Privat-131x150.jpg 131w, http:\/\/baerundlilie.info\/wp-content\/uploads\/PK_GM-1030a_K.Munz-Friedrich-Jacob-Grainau-Hammersbachz-Bergwiese-geg.-Waxensteine-r.u.-sign._Oel-Hartfaser-34x265-Privat-768x877.jpg 768w, http:\/\/baerundlilie.info\/wp-content\/uploads\/PK_GM-1030a_K.Munz-Friedrich-Jacob-Grainau-Hammersbachz-Bergwiese-geg.-Waxensteine-r.u.-sign._Oel-Hartfaser-34x265-Privat-1345x1536.jpg 1345w, http:\/\/baerundlilie.info\/wp-content\/uploads\/PK_GM-1030a_K.Munz-Friedrich-Jacob-Grainau-Hammersbachz-Bergwiese-geg.-Waxensteine-r.u.-sign._Oel-Hartfaser-34x265-Privat-1794x2048.jpg 1794w\" sizes=\"auto, (max-width: 788px) 100vw, 788px\" \/><figcaption>Friedrich Jakob (1885-1965), Grainau:  &#8222;Bergwiese bei Hammersbach im Fr\u00fchling, mit Waxensteine&#8220;,  \u00d6l auf Hartfaser, Platte 34 x 26,5 cm, unten re. zweimal signiert (graublau bzw. rosa), undatiert, unsch\u00f6n \u00fcbermalter Rahmen, R\u00fcckseite mit Ortsbezeichnung in hellblau u. Herkunft der HF-Platte, sonst ohne Text.<\/figcaption><\/figure>\n\n\n\n<figure class=\"wp-block-image size-large\"><img loading=\"lazy\" decoding=\"async\" width=\"1000\" height=\"744\" src=\"http:\/\/baerundlilie.info\/wp-content\/uploads\/PK_GM-821_Rudi.Saum-Hans-Saum-Grainau-Kirche-mit-Waxensteine-im-Fruehling-l.u.sign_._Oel-Lw-60x80-Privatbes.-1000x744.jpg\" alt=\"\" class=\"wp-image-2324\" srcset=\"http:\/\/baerundlilie.info\/wp-content\/uploads\/PK_GM-821_Rudi.Saum-Hans-Saum-Grainau-Kirche-mit-Waxensteine-im-Fruehling-l.u.sign_._Oel-Lw-60x80-Privatbes.-1000x744.jpg 1000w, http:\/\/baerundlilie.info\/wp-content\/uploads\/PK_GM-821_Rudi.Saum-Hans-Saum-Grainau-Kirche-mit-Waxensteine-im-Fruehling-l.u.sign_._Oel-Lw-60x80-Privatbes.-300x223.jpg 300w, http:\/\/baerundlilie.info\/wp-content\/uploads\/PK_GM-821_Rudi.Saum-Hans-Saum-Grainau-Kirche-mit-Waxensteine-im-Fruehling-l.u.sign_._Oel-Lw-60x80-Privatbes.-150x112.jpg 150w, http:\/\/baerundlilie.info\/wp-content\/uploads\/PK_GM-821_Rudi.Saum-Hans-Saum-Grainau-Kirche-mit-Waxensteine-im-Fruehling-l.u.sign_._Oel-Lw-60x80-Privatbes.-768x571.jpg 768w, http:\/\/baerundlilie.info\/wp-content\/uploads\/PK_GM-821_Rudi.Saum-Hans-Saum-Grainau-Kirche-mit-Waxensteine-im-Fruehling-l.u.sign_._Oel-Lw-60x80-Privatbes.-1536x1142.jpg 1536w, http:\/\/baerundlilie.info\/wp-content\/uploads\/PK_GM-821_Rudi.Saum-Hans-Saum-Grainau-Kirche-mit-Waxensteine-im-Fruehling-l.u.sign_._Oel-Lw-60x80-Privatbes.-2048x1523.jpg 2048w\" sizes=\"auto, (max-width: 1000px) 100vw, 1000px\" \/><figcaption>Hans Saum (1906-1974), Grainau:  &#8222;Obergrainau, Pfarrkirche mit Waxensteine u. Zugspitze im Fr\u00fchling&#8220;  \u00d6l auf Leinwand, 60 x 80 cm, u. li. signiert, undatiert, ungerahmt, R\u00fcckseite ohne Text.<\/figcaption><\/figure>\n\n\n\n<figure class=\"wp-block-image size-large\"><img loading=\"lazy\" decoding=\"async\" width=\"1000\" height=\"751\" src=\"http:\/\/baerundlilie.info\/wp-content\/uploads\/PK_GM-577_W.Oll-Felix-Eisengraeber-Grainau-Kruscht-Haus-Bl.zum_.Dorfplatz-l.u.-sign.-um-1910_Oel-Karton-50x70-Privat-1000x751.jpg\" alt=\"\" class=\"wp-image-2323\" srcset=\"http:\/\/baerundlilie.info\/wp-content\/uploads\/PK_GM-577_W.Oll-Felix-Eisengraeber-Grainau-Kruscht-Haus-Bl.zum_.Dorfplatz-l.u.-sign.-um-1910_Oel-Karton-50x70-Privat-1000x751.jpg 1000w, http:\/\/baerundlilie.info\/wp-content\/uploads\/PK_GM-577_W.Oll-Felix-Eisengraeber-Grainau-Kruscht-Haus-Bl.zum_.Dorfplatz-l.u.-sign.-um-1910_Oel-Karton-50x70-Privat-300x225.jpg 300w, http:\/\/baerundlilie.info\/wp-content\/uploads\/PK_GM-577_W.Oll-Felix-Eisengraeber-Grainau-Kruscht-Haus-Bl.zum_.Dorfplatz-l.u.-sign.-um-1910_Oel-Karton-50x70-Privat-150x113.jpg 150w, http:\/\/baerundlilie.info\/wp-content\/uploads\/PK_GM-577_W.Oll-Felix-Eisengraeber-Grainau-Kruscht-Haus-Bl.zum_.Dorfplatz-l.u.-sign.-um-1910_Oel-Karton-50x70-Privat-768x576.jpg 768w, http:\/\/baerundlilie.info\/wp-content\/uploads\/PK_GM-577_W.Oll-Felix-Eisengraeber-Grainau-Kruscht-Haus-Bl.zum_.Dorfplatz-l.u.-sign.-um-1910_Oel-Karton-50x70-Privat-1536x1153.jpg 1536w, http:\/\/baerundlilie.info\/wp-content\/uploads\/PK_GM-577_W.Oll-Felix-Eisengraeber-Grainau-Kruscht-Haus-Bl.zum_.Dorfplatz-l.u.-sign.-um-1910_Oel-Karton-50x70-Privat-2048x1537.jpg 2048w\" sizes=\"auto, (max-width: 1000px) 100vw, 1000px\" \/><figcaption>Felix E. Eisengr\u00e4ber, M\u00fcnchen (1874-1940):  &#8222;Untergrainau, Bl. v. d. Josefikapelle zum Dorfplatz&#8220;, li. das Kruscht\u00b4n-, geradeaus das Sch\u00e4ffler- und re. mit Brunnen das Lanzle-Haus, \u00d6l auf Malkarton, 49,5 x 70 cm, u. li. signiert, um 1910, braun-goldener Holzrahmen, Ma\u00dfe 59,5 x 79,5 cm, Karton r\u00fcckseitig auf Klebezettel betitelt &#8222;H\u00e4user in Grainau&#8220; und mit unvollendetem M\u00e4nnerhalbakt bemalt, weitere Signatur re. au\u00dfen vom Kopf, Klebezettel von Ausstellung 2005 in Grainau, weitere Texte nicht lesbar.<\/figcaption><\/figure>\n\n\n\n<figure class=\"wp-block-image size-large\"><img loading=\"lazy\" decoding=\"async\" width=\"1000\" height=\"818\" src=\"http:\/\/baerundlilie.info\/wp-content\/uploads\/P1040833a_G.Resch-Hans-Holzner-Grainau-Schwaegele-Haus-m.-Ziegspitz-r.u.sign_.-1945-Oel-Lw-60x74-Privat-1000x818.jpg\" alt=\"\" class=\"wp-image-2322\" srcset=\"http:\/\/baerundlilie.info\/wp-content\/uploads\/P1040833a_G.Resch-Hans-Holzner-Grainau-Schwaegele-Haus-m.-Ziegspitz-r.u.sign_.-1945-Oel-Lw-60x74-Privat-1000x818.jpg 1000w, http:\/\/baerundlilie.info\/wp-content\/uploads\/P1040833a_G.Resch-Hans-Holzner-Grainau-Schwaegele-Haus-m.-Ziegspitz-r.u.sign_.-1945-Oel-Lw-60x74-Privat-300x245.jpg 300w, http:\/\/baerundlilie.info\/wp-content\/uploads\/P1040833a_G.Resch-Hans-Holzner-Grainau-Schwaegele-Haus-m.-Ziegspitz-r.u.sign_.-1945-Oel-Lw-60x74-Privat-150x123.jpg 150w, http:\/\/baerundlilie.info\/wp-content\/uploads\/P1040833a_G.Resch-Hans-Holzner-Grainau-Schwaegele-Haus-m.-Ziegspitz-r.u.sign_.-1945-Oel-Lw-60x74-Privat-768x628.jpg 768w, http:\/\/baerundlilie.info\/wp-content\/uploads\/P1040833a_G.Resch-Hans-Holzner-Grainau-Schwaegele-Haus-m.-Ziegspitz-r.u.sign_.-1945-Oel-Lw-60x74-Privat-1536x1257.jpg 1536w, http:\/\/baerundlilie.info\/wp-content\/uploads\/P1040833a_G.Resch-Hans-Holzner-Grainau-Schwaegele-Haus-m.-Ziegspitz-r.u.sign_.-1945-Oel-Lw-60x74-Privat-2048x1676.jpg 2048w\" sizes=\"auto, (max-width: 1000px) 100vw, 1000px\" \/><figcaption>Hans Holzner, Grainau:  &#8222;Untergrainau, Schw\u00e4gele-Haus&#8220;, dahinter Ziegspitze, \u00d6l a. Lw., 60 x 74 cm, u. re. signiert, datiert 1945, sch\u00f6ner Silberrahmen, R\u00fcckseite ohne Text<\/figcaption><\/figure>\n\n\n\n<figure class=\"wp-block-image size-large\"><img loading=\"lazy\" decoding=\"async\" width=\"1000\" height=\"884\" src=\"http:\/\/baerundlilie.info\/wp-content\/uploads\/P1040832a_PK_GM-053_G.Resch-Hans-Holzner-Grainau-Eibsee-mit-Zugspitze-r.u.sign_.-1953-Oel-Lw.-60x70-Privat--1000x884.jpg\" alt=\"\" class=\"wp-image-2321\" srcset=\"http:\/\/baerundlilie.info\/wp-content\/uploads\/P1040832a_PK_GM-053_G.Resch-Hans-Holzner-Grainau-Eibsee-mit-Zugspitze-r.u.sign_.-1953-Oel-Lw.-60x70-Privat--1000x884.jpg 1000w, http:\/\/baerundlilie.info\/wp-content\/uploads\/P1040832a_PK_GM-053_G.Resch-Hans-Holzner-Grainau-Eibsee-mit-Zugspitze-r.u.sign_.-1953-Oel-Lw.-60x70-Privat--300x265.jpg 300w, http:\/\/baerundlilie.info\/wp-content\/uploads\/P1040832a_PK_GM-053_G.Resch-Hans-Holzner-Grainau-Eibsee-mit-Zugspitze-r.u.sign_.-1953-Oel-Lw.-60x70-Privat--150x133.jpg 150w, http:\/\/baerundlilie.info\/wp-content\/uploads\/P1040832a_PK_GM-053_G.Resch-Hans-Holzner-Grainau-Eibsee-mit-Zugspitze-r.u.sign_.-1953-Oel-Lw.-60x70-Privat--768x679.jpg 768w, http:\/\/baerundlilie.info\/wp-content\/uploads\/P1040832a_PK_GM-053_G.Resch-Hans-Holzner-Grainau-Eibsee-mit-Zugspitze-r.u.sign_.-1953-Oel-Lw.-60x70-Privat--1536x1357.jpg 1536w, http:\/\/baerundlilie.info\/wp-content\/uploads\/P1040832a_PK_GM-053_G.Resch-Hans-Holzner-Grainau-Eibsee-mit-Zugspitze-r.u.sign_.-1953-Oel-Lw.-60x70-Privat--2048x1810.jpg 2048w\" sizes=\"auto, (max-width: 1000px) 100vw, 1000px\" \/><figcaption>Hans Holzner, Grainau:  &#8222;Grainau, Eibsee mit Zugspitze (Steingring-Bucht m. Sasseninsel)&#8220;, \u00d6l a. Lw., 60 x 70 cm, u. re. signiert, datiert 1953, Silberrahmen, R\u00fcckseite ohne Text<\/figcaption><\/figure>\n\n\n\n<figure class=\"wp-block-image size-large\"><img loading=\"lazy\" decoding=\"async\" width=\"1000\" height=\"755\" src=\"http:\/\/baerundlilie.info\/wp-content\/uploads\/P1040829_BuL_Carl-Ludwig-Loreck-Grainau-Bl.v.-Marienbichl-a.-Pfarrkirche-u.-Esel-l.u.-sign.1944-Oel-Lw-75x100-1-1000x755.jpg\" alt=\"\" class=\"wp-image-2320\" srcset=\"http:\/\/baerundlilie.info\/wp-content\/uploads\/P1040829_BuL_Carl-Ludwig-Loreck-Grainau-Bl.v.-Marienbichl-a.-Pfarrkirche-u.-Esel-l.u.-sign.1944-Oel-Lw-75x100-1-1000x755.jpg 1000w, http:\/\/baerundlilie.info\/wp-content\/uploads\/P1040829_BuL_Carl-Ludwig-Loreck-Grainau-Bl.v.-Marienbichl-a.-Pfarrkirche-u.-Esel-l.u.-sign.1944-Oel-Lw-75x100-1-300x226.jpg 300w, http:\/\/baerundlilie.info\/wp-content\/uploads\/P1040829_BuL_Carl-Ludwig-Loreck-Grainau-Bl.v.-Marienbichl-a.-Pfarrkirche-u.-Esel-l.u.-sign.1944-Oel-Lw-75x100-1-150x113.jpg 150w, http:\/\/baerundlilie.info\/wp-content\/uploads\/P1040829_BuL_Carl-Ludwig-Loreck-Grainau-Bl.v.-Marienbichl-a.-Pfarrkirche-u.-Esel-l.u.-sign.1944-Oel-Lw-75x100-1-768x580.jpg 768w, http:\/\/baerundlilie.info\/wp-content\/uploads\/P1040829_BuL_Carl-Ludwig-Loreck-Grainau-Bl.v.-Marienbichl-a.-Pfarrkirche-u.-Esel-l.u.-sign.1944-Oel-Lw-75x100-1-1536x1159.jpg 1536w, http:\/\/baerundlilie.info\/wp-content\/uploads\/P1040829_BuL_Carl-Ludwig-Loreck-Grainau-Bl.v.-Marienbichl-a.-Pfarrkirche-u.-Esel-l.u.-sign.1944-Oel-Lw-75x100-1-2048x1546.jpg 2048w\" sizes=\"auto, (max-width: 1000px) 100vw, 1000px\" \/><figcaption>Carl Ludwig Loreck (1898-1991), Grainau:  \u201cObergrainau, Bl. v. Marienbichl auf Pfarrkirche, Esel u. Garmisch\u201d,  \u00d6l a. Lw., KR 75,5 x 100,0 cm, u. li. signiert, datiert (19)44, Holzrahmen 87,5 x 112,5 cm, gut erhalten, R\u00fcckseite ohne Info.<\/figcaption><\/figure>\n\n\n\n<figure class=\"wp-block-image size-large\"><img loading=\"lazy\" decoding=\"async\" width=\"755\" height=\"900\" src=\"http:\/\/baerundlilie.info\/wp-content\/uploads\/P1040678_A.Weiss_Friedrich-Jacob-Grainau-Krepbach-im-Huber-Park-l.u.-sign._Oel-Hartfaser-77x65-cm-Privat-755x900.jpg\" alt=\"\" class=\"wp-image-2319\" srcset=\"http:\/\/baerundlilie.info\/wp-content\/uploads\/P1040678_A.Weiss_Friedrich-Jacob-Grainau-Krepbach-im-Huber-Park-l.u.-sign._Oel-Hartfaser-77x65-cm-Privat-755x900.jpg 755w, http:\/\/baerundlilie.info\/wp-content\/uploads\/P1040678_A.Weiss_Friedrich-Jacob-Grainau-Krepbach-im-Huber-Park-l.u.-sign._Oel-Hartfaser-77x65-cm-Privat-252x300.jpg 252w, http:\/\/baerundlilie.info\/wp-content\/uploads\/P1040678_A.Weiss_Friedrich-Jacob-Grainau-Krepbach-im-Huber-Park-l.u.-sign._Oel-Hartfaser-77x65-cm-Privat-126x150.jpg 126w, http:\/\/baerundlilie.info\/wp-content\/uploads\/P1040678_A.Weiss_Friedrich-Jacob-Grainau-Krepbach-im-Huber-Park-l.u.-sign._Oel-Hartfaser-77x65-cm-Privat-768x915.jpg 768w, http:\/\/baerundlilie.info\/wp-content\/uploads\/P1040678_A.Weiss_Friedrich-Jacob-Grainau-Krepbach-im-Huber-Park-l.u.-sign._Oel-Hartfaser-77x65-cm-Privat-1289x1536.jpg 1289w, http:\/\/baerundlilie.info\/wp-content\/uploads\/P1040678_A.Weiss_Friedrich-Jacob-Grainau-Krepbach-im-Huber-Park-l.u.-sign._Oel-Hartfaser-77x65-cm-Privat.jpg 1639w\" sizes=\"auto, (max-width: 755px) 100vw, 755px\" \/><figcaption>Friedrich Jacob (1885-1965), Grainau:  &#8222;Grainau, Krepbach im herbstlichen Huberpark&#8220;, \u00d6l a. HF-Platte, 77 x 65,5 cm, u. li. signiert, undatiert, silberfarbener Rahmen<\/figcaption><\/figure>\n\n\n\n<figure class=\"wp-block-image size-large\"><img loading=\"lazy\" decoding=\"async\" width=\"732\" height=\"900\" src=\"http:\/\/baerundlilie.info\/wp-content\/uploads\/L1020664_WO_BuL_Franz-Krippendorf-Obergrainau-Bauernhaeuser-Bondik-m.-Waxensteine_Oel-Lw_66x54-732x900.jpg\" alt=\"\" class=\"wp-image-2318\" srcset=\"http:\/\/baerundlilie.info\/wp-content\/uploads\/L1020664_WO_BuL_Franz-Krippendorf-Obergrainau-Bauernhaeuser-Bondik-m.-Waxensteine_Oel-Lw_66x54-732x900.jpg 732w, http:\/\/baerundlilie.info\/wp-content\/uploads\/L1020664_WO_BuL_Franz-Krippendorf-Obergrainau-Bauernhaeuser-Bondik-m.-Waxensteine_Oel-Lw_66x54-244x300.jpg 244w, http:\/\/baerundlilie.info\/wp-content\/uploads\/L1020664_WO_BuL_Franz-Krippendorf-Obergrainau-Bauernhaeuser-Bondik-m.-Waxensteine_Oel-Lw_66x54-122x150.jpg 122w, http:\/\/baerundlilie.info\/wp-content\/uploads\/L1020664_WO_BuL_Franz-Krippendorf-Obergrainau-Bauernhaeuser-Bondik-m.-Waxensteine_Oel-Lw_66x54-768x944.jpg 768w, http:\/\/baerundlilie.info\/wp-content\/uploads\/L1020664_WO_BuL_Franz-Krippendorf-Obergrainau-Bauernhaeuser-Bondik-m.-Waxensteine_Oel-Lw_66x54-1249x1536.jpg 1249w, http:\/\/baerundlilie.info\/wp-content\/uploads\/L1020664_WO_BuL_Franz-Krippendorf-Obergrainau-Bauernhaeuser-Bondik-m.-Waxensteine_Oel-Lw_66x54.jpg 1419w\" sizes=\"auto, (max-width: 732px) 100vw, 732px\" \/><figcaption>Franz Krippendorf (1907-1982), Ga-Pa:  &#8222;Obergrainau, Bauernh\u00e4user gegen Waxensteine&#8220; (Bondik-Haus) \u00d6l auf Leinwand 66 x 54 cm, kr\u00e4ftiger Silberrahmen mit kleineren Sch\u00e4den<\/figcaption><\/figure>\n\n\n\n<figure class=\"wp-block-image size-large\"><img loading=\"lazy\" decoding=\"async\" width=\"1000\" height=\"726\" src=\"http:\/\/baerundlilie.info\/wp-content\/uploads\/KM-0192a_M.Leismueller-Jakob-Hellmann-Grainau-Unterer-Dorfplatz-mit-Bauernhaus-Kruscht-l.u.-sign.-1943_Aq-Papier-31x43-Privat-1000x726.jpg\" alt=\"\" class=\"wp-image-2317\" srcset=\"http:\/\/baerundlilie.info\/wp-content\/uploads\/KM-0192a_M.Leismueller-Jakob-Hellmann-Grainau-Unterer-Dorfplatz-mit-Bauernhaus-Kruscht-l.u.-sign.-1943_Aq-Papier-31x43-Privat-1000x726.jpg 1000w, http:\/\/baerundlilie.info\/wp-content\/uploads\/KM-0192a_M.Leismueller-Jakob-Hellmann-Grainau-Unterer-Dorfplatz-mit-Bauernhaus-Kruscht-l.u.-sign.-1943_Aq-Papier-31x43-Privat-300x218.jpg 300w, http:\/\/baerundlilie.info\/wp-content\/uploads\/KM-0192a_M.Leismueller-Jakob-Hellmann-Grainau-Unterer-Dorfplatz-mit-Bauernhaus-Kruscht-l.u.-sign.-1943_Aq-Papier-31x43-Privat-150x109.jpg 150w, http:\/\/baerundlilie.info\/wp-content\/uploads\/KM-0192a_M.Leismueller-Jakob-Hellmann-Grainau-Unterer-Dorfplatz-mit-Bauernhaus-Kruscht-l.u.-sign.-1943_Aq-Papier-31x43-Privat-768x557.jpg 768w, http:\/\/baerundlilie.info\/wp-content\/uploads\/KM-0192a_M.Leismueller-Jakob-Hellmann-Grainau-Unterer-Dorfplatz-mit-Bauernhaus-Kruscht-l.u.-sign.-1943_Aq-Papier-31x43-Privat-1536x1115.jpg 1536w, http:\/\/baerundlilie.info\/wp-content\/uploads\/KM-0192a_M.Leismueller-Jakob-Hellmann-Grainau-Unterer-Dorfplatz-mit-Bauernhaus-Kruscht-l.u.-sign.-1943_Aq-Papier-31x43-Privat.jpg 1930w\" sizes=\"auto, (max-width: 1000px) 100vw, 1000px\" \/><figcaption>Jakob Hellmann (1877-1953), Garmisch-Part.:  &#8222;Untergrainau, Dorfplatz mit Bauernhaus (Kruscht), Josefikapelle u. Zugspitze&#8220; (Personenstaffage), Aquarell \/ Mischtechnik mit DW auf Papier, 31 x 43 cm, u. li. signiert u. datiert &#8222;Jak. Hellmann \/ 1943&#8220;, Blatt direkt auf R\u00fcckwand montiert, kein PP, Normalglas, Silberrahmen, 52 x 63,5 cm, R\u00fcckseite mit Stempel von Glaserei.<\/figcaption><\/figure>\n\n\n\n<figure class=\"wp-block-image size-large\"><img loading=\"lazy\" decoding=\"async\" width=\"1000\" height=\"705\" src=\"http:\/\/baerundlilie.info\/wp-content\/uploads\/Edwin-Heine-Untergrainauer-Dorfplatz-1-1000x705.jpg\" alt=\"\" class=\"wp-image-2304\" srcset=\"http:\/\/baerundlilie.info\/wp-content\/uploads\/Edwin-Heine-Untergrainauer-Dorfplatz-1-1000x705.jpg 1000w, http:\/\/baerundlilie.info\/wp-content\/uploads\/Edwin-Heine-Untergrainauer-Dorfplatz-1-300x211.jpg 300w, http:\/\/baerundlilie.info\/wp-content\/uploads\/Edwin-Heine-Untergrainauer-Dorfplatz-1-150x106.jpg 150w, http:\/\/baerundlilie.info\/wp-content\/uploads\/Edwin-Heine-Untergrainauer-Dorfplatz-1-768x541.jpg 768w, http:\/\/baerundlilie.info\/wp-content\/uploads\/Edwin-Heine-Untergrainauer-Dorfplatz-1.jpg 1132w\" sizes=\"auto, (max-width: 1000px) 100vw, 1000px\" \/><\/figure>\n","protected":false},"excerpt":{"rendered":"","protected":false},"author":1,"featured_media":0,"parent":0,"menu_order":0,"comment_status":"closed","ping_status":"closed","template":"page-templates\/full-width.php","meta":{"footnotes":""},"class_list":["post-154","page","type-page","status-publish","hentry"],"_links":{"self":[{"href":"http:\/\/baerundlilie.info\/index.php?rest_route=\/wp\/v2\/pages\/154","targetHints":{"allow":["GET"]}}],"collection":[{"href":"http:\/\/baerundlilie.info\/index.php?rest_route=\/wp\/v2\/pages"}],"about":[{"href":"http:\/\/baerundlilie.info\/index.php?rest_route=\/wp\/v2\/types\/page"}],"author":[{"embeddable":true,"href":"http:\/\/baerundlilie.info\/index.php?rest_route=\/wp\/v2\/users\/1"}],"replies":[{"embeddable":true,"href":"http:\/\/baerundlilie.info\/index.php?rest_route=%2Fwp%2Fv2%2Fcomments&post=154"}],"version-history":[{"count":3,"href":"http:\/\/baerundlilie.info\/index.php?rest_route=\/wp\/v2\/pages\/154\/revisions"}],"predecessor-version":[{"id":2341,"href":"http:\/\/baerundlilie.info\/index.php?rest_route=\/wp\/v2\/pages\/154\/revisions\/2341"}],"wp:attachment":[{"href":"http:\/\/baerundlilie.info\/index.php?rest_route=%2Fwp%2Fv2%2Fmedia&parent=154"}],"curies":[{"name":"wp","href":"https:\/\/api.w.org\/{rel}","templated":true}]}}